 11*c + 8. Suppose 15 = a + 17, 5*z + 51 = -3*a. Calculate b(z).
-10
Let v(o) be the second derivative of o**5/20 + 11*o**4/12 + 11*o**3/6 + 3*o**2/2 - 15*o - 1. Determine v(-10).
-7
Let v = -207 - -301. Let t(j) = j**2 + 0*j**2 - 4 - 97*j + v*j. What is t(5)?
6
Let u(q) = -q**3 - 3*q**2 + 3*q + 1. Suppose -128 = -5*a + 3*l - 344, a = -4*l - 34. Let v = -46 - a. What is u(v)?
5
Suppose -v = 6 - 11. Suppose 5*f = v*k - 25, -4*k + 4 + 17 = -5*f. Let s(w) = -18*w. Determine s(f).
18
Let l(u) = 4*u - 3. Let n(d) = -2*d + 2. Let p(r) = -r + 1. Let t(w) = n(w) + 5*p(w). Let j(a) = -5*l(a) - 2*t(a). What is j(-1)?
7
Let o(u) be the third derivative of -u**6/24 - u**5/30 + u**3/6 - 44*u**2. Give o(1).
-6
Let x(s) = 10*s**2 + 1. Let h(l) = 5*l - 1. Let g be h(1). Suppose -3*d + 5*q = -13 + 1, -12 = g*q. What is x(d)?
11
Let y(j) = 3*j**2 + j. Let p(q) = -2*q**2 + 19*q - 6. Let l(b) = p(b) + y(b). What is l(-20)?
-6
Let y(c) be the third derivative of -5*c**4/24 - 43*c**3/6 + 164*c**2. Determine y(-8).
-3
Let n(s) = s**2 + 3*s - 2. Let z(d) = 2*d**2 + 7*d - 4. Let o = 1 - 6. Let h(x) = o*n(x) + 3*z(x). Let c = 5 + -8. What is h(c)?
-11
Let s(d) be the first derivative of d**3/3 + 5*d**2 + 10*d - 161. Determine s(-8).
-6
Let w(l) = -l**2 + 30*l - 60. Let a be -9 - 259/((-28)/4). What is w(a)?
-4
Let v(k) be the third derivative of 5/3*k**3 + 0 + k**2 + 0*k + 1/12*k**4. What is v(-8)?
-6
Let i(x) be the second derivative of -x**4/6 + 5*x**3/6 - 3*x**2/2 - x - 58. Calculate i(2).
-1
Let l(g) = 0*g - 3 + 2 + g + 0. Let q be 12 + -3 - (4 - (1 + 2)). Determine l(q).
7
Suppose 3*x + 3 = -9. Let k(a) = 3*a + 11 + 15 + 3 - 33. Give k(x).
-16
Let b be (-1)/((-2)/(-4)*8/(-12)). Let l(p) = -6*p - 20. Let j(t) = -3*t - 10. Let z(x) = b*l(x) - 7*j(x). Give z(-7).
-11
Suppose -q + t + 14 = 0, 5*q - 2*t - t - 78 = 0. Suppose 4*r = r - q. Let n(b) be the third derivative of b**5/60 + 7*b**4/24 + b**3/6 - b**2. Determine n(r).
-5
Let v(l) = -15*l**3 - l**2 + l - 1. Let i(a) = 9*a + 127. Let g be i(-14). Calculate v(g).
-16
Let u(t) = t - 1. Let c = 14 + -12. Suppose r - 3*h - 11 = -8*h, -c*h = 0. Suppose -4*x - 3*o + r = -0*o, -x + 5 = 3*o. Determine u(x).
1
Let j(k) be the second derivative of -k**4/12 + 2*k**3/3 + k**2/2 + 102*k. Give j(3).
4
Let y be 9 + (1 - 48/6). Let f(r) be the first derivative of -1/2*r**2 + 9 - 1/4*r**4 + y*r - r**3. Determine f(-3).
5
Let n(x) = -3*x - 56. Let p be n(-18). Let l(d) = -35*d - 2. Calculate l(p).
68
Let y(c) = -c + 3. Let l be y(7). Let h(p) = 18*p + 10. Let v(n) = -13*n - 7. Let b(f) = -5*h(f) - 7*v(f). Determine b(l).
-5
Let j(k) = k**3 + 5*k**2 + 3*k + 9. Let g(b) = 22*b - 3*b**2 + 11*b**2 + 2*b**3 + 17 - 17*b + 2*b**2. Let o(p) = -3*g(p) + 5*j(p). Give o(-5).
-6
Let n = 4 - 6. Let v(z) = 5*z**2 - 3*z + 1. Let j(s) = 4*s**2 - 2*s + 1. Let p be (-14)/4 + -1*(-3)/6. Let t(r) = p*v(r) + 4*j(r). Calculate t(n).
3
Let v = 83/15 - 26/5. Let h(c) be the first derivative of v*c**3 + 4*c + 4 - 5/2*c**2. Determine h(4).
0
Let x(f) be the third derivative of -f**5/60 + f**4/12 + f**3/3 - 66*f**2 + 2*f. Determine x(-2).
-6
Let f(r) = r**3 - r**2 - r + 3. Let q(g) = -g**2 - 25*g - 126. Let b be q(-7). What is f(b)?
3
Let z(u) = -47 + 2*u + 27 - 2. Calculate z(9).
-4
Suppose -3*w = -4*w - 14. Let b = 7 + w. Let a(t) = -t**2 - 7*t + 10. Let o(y) = y**2 + 7*y - 9. Let h(s) = b*o(s) - 6*a(s). Determine h(-6).
9
Suppose 0 = -5*b + 10 + 50. Let n(d) = -b*d + 3 + 6*d**2 + 28*d - 1 - d**3 - 15*d. Give n(6).
8
Suppose 15*a - 7*a = 0. Let i(r) = r**2 - 2*r + 8. Calculate i(a).
8
Let l(v) be the second derivative of 13*v + v**2 - v**3 + 6*v + 2*v**3 - 6*v. Determine l(-2).
-10
Let h = -162 - -154. Let k(q) = q**3 + 9*q**2 + 8*q + 5. Give k(h).
5
Let f(a) = -a**3 + 4*a**2. Suppose 0 = -0*u + 2*u - 20. Suppose 4 = -0*r - 4*r + 4*q, -5*q - 49 = 4*r. Let i = u + r. What is f(i)?
0
Let o(t) = 2*t + 2*t**2 - 4 - 13 - 5 + 21. What is o(1)?
3
Suppose -2*q + 0*q = 0. Let l(t) be the second derivative of t**3/2 + 2*t**2 + 22*t. Let p(x) = x + 2. Let j(y) = -2*l(y) + 5*p(y). What is j(q)?
2
Let u(o) be the second derivative of 2*o**2 + 1/6*o**3 + 0 + 27*o. Give u(-8).
-4
Let m(d) = 0*d - 9 - d + 2*d + 8. Let s(g) = -3*g + 3. Let b(f) = -2*m(f) - s(f). What is b(6)?
5
Let s be (-5 + -5)/(-5) + -4. Let d(o) = -o**2 + o + 1. Let y(l) = 3*l**2 - 9*l - 7. Let x(i) = s*d(i) - y(i). What is x(6)?
11
Let p be 0/3 + 3*(-3)/(-9). Suppose -6*x + p = -5. Let a(c) = 9*c**3 + c**2. Determine a(x).
10
Let r(f) = -15*f**2 - 3*f + 20. Let c(o) = 13*o**2 + o - 20. Let j(q) = 7*c(q) + 6*r(q). Determine j(12).
-8
Let b(c) = 155*c + 3 - 66*c - 87*c. Calculate b(-4).
-5
Let t(w) = 2*w + 4*w - 4 - 3*w**2 + 3*w**2 + w**2. Let u be (2 - 8)*(-1)/2. Suppose 3*y - 3*d + u = 0, -3*y = -y + 2*d + 22. Determine t(y).
-4
Suppose -5*p = -s - 18, 3*p - 15 = 3*s + 3. Let k(a) = -2*a**3 + 4*a**2 - 2*a - 4. Determine k(p).
-28
Let w(o) = o**3 - 23*o - 1 + 24*o + 0*o**3. Let x(d) = -5*d**3 + 5*d**2 + d - 1. Let v(a) = 4*w(a) + x(a). Calculate v(5).
20
Let d = 1966 - 1972. Let j(o) = -o - 25. What is j(d)?
-19
Let k be (14 - 0)*6/7. Suppose -f - 25 = 5*y, -4*y - 8 = -2*f + k. Let g(m) be the third derivative of -m**5/60 - 2*m**3/3 - m**2. Give g(f).
-4
Let f(n) be the first derivative of n**3/3 - 3*n**2 + 3*n - 176. Suppose 1 - 5 = a, -24 = -2*u + 4*a. What is f(u)?
-5
Let p(f) = -10*f**2 - 13*f - 20. Let q(h) = 7*h**2 + 11*h + 13. Let b(g) = -5*p(g) - 7*q(g). Calculate b(11).
-2
Let x be 6/(-6) + (-6)/3. Let l be -2 - (-1 + x + 2). Let v(w) = -w**3 + 10. Give v(l).
10
Let i = 12 + -8. Let h(r) = 2*r + 1. Let z(g) = 11*g + 3. Let n(u) = -5*h(u) + z(u). Calculate n(i).
2
Let w(p) = 7*p - 1. Suppose -8*s = -12*s + 28. Suppose -s*m = t - 2*m - 24, 4*m - 22 = 2*t. Calculate w(t).
-8
Suppose 2 = -2*w, w - 7 = -2*a + 4*w. Let o(u) = 2*u**2 + 3*u - 3. What is o(a)?
11
Let b(i) = i - 3. Suppose -3*f - 2*h + 16 = 0, -3*f + 44 = -7*h + 2*h. Calculate b(f).
5
Let c(v) = v**3 - 5*v**2 - 6*v + 6. Let x(i) = -2*i**2 - 7*i - 20. Let u be x(-5). Let r = 41 + u. Determine c(r).
6
Let n(q) be the first derivative of q**4/4 + 2*q**3 + 5*q**2 + 6*q + 338. Determine n(-4).
-2
Suppose -3*l - 25 = 3*h - 31, 0 = -5*l - h + 2. Let o(m) = -m**3 - m - 4. Give o(l).
-4
Let t(u) = -3*u - 3*u + u - 1 + 0*u. Suppose 0 = 5*v - 17 - 3. Let b(w) = -4*w - 1. Let z(q) = v*b(q) - 3*t(q). Determine z(4).
-5
Let s be ((-30)/(-25))/((-4)/(-10)). Let f be 1/(s + -4)*(-1 - -7). Let q(j) = 4*j + 4. What is q(f)?
-20
Let n(v) = v**2 - v + 5. Let o = -455 + 459. Determine n(o).
17
Let l(b) = -74 - 61 + 4*b - 6*b + 132. Suppose -5*q - 4*z - 12 = 0, 2*q - 9 = -z + 4*z. Suppose q*n = 3*n + 6. Determine l(n).
1
Let k(c) be the third derivative of c**6/120 + c**5/60 - 5*c**4/24 - 2*c**3/3 + 2*c**2. Let m = 21 - 16. Suppose 0 = v + 3, 4*v + 0 = m*n + 3. Determine k(n).
-7
Let a(z) = -3 - z + 3*z**2 + 3*z**2 - 7*z**2. Let f(p) = -p. Let j(s) = -a(s) + 6*f(s). Determine j(6).
9
Suppose -2*i - 1 - 9 = 0, 0 = -4*j + 3*i + 71. Let c(a) = a - 27. Give c(j).
-13
Let s(k) be the first derivative of -18 - k - 3*k**2 + 1/3*k**3. Let v(p) = p**2 - 5*p + 1. Let d be v(6). Give s(d).
6
Suppose i + 12 = 4*i, 2*l + 8 = -i. Let a(r) = -3617*r + 3 + 3612*r - 2*r**3 - 7*r**2 + r**3. Determine a(l).
-3
Let s(n) = -3*n + 9. Let w be 2 + -1*9 + -2. Let b(q) = -q**2 - 12*q + 3. Let p be b(w). Suppose -3*u + 7*u - p = 2*i, -4*i + 12 = 4*u. What is s(u)?
-9
Let b(o) = -4*o - 4*o - o + 10*o + 0*o - 7. Let t(x) = -2*x + 2*x**2 + 0*x**2 - 7*x**2 - 4 - x**3 + 0*x**3. Let n be t(-5). Determine b(n).
-1
Suppose 1588 = -59*d + 63*d. Let c = -84 + d. Let w(s) = 3 + c*s - 314*s + 4. Determine w(0).
7
Let k be ((-42)/(-35))/((5 - 4)/(8 - 3)). Let s(m) = 3*m**2 - 5*m + 6. Let d(v) = -7*v**2 + 10*v - 12. Let g(o) = -2*d(o) - 5*s(o). Give g(k).
-12
Let k(h) = -h**2 - 3*h + 2. Let l be 3/((-12)/(-2)*(-3)/30). Let v be (-2 - 2) + (-4 - l). Calculate k(v).
2
Let w(r) = -2*r**3 + 12*r**2 + r - 9. Let x be w(6). Let b(s) be the second derivative of -s**4/12 - s**3/2 - s**2 + 3*s. Give b(x).
-2
Suppose 0 = 3*x + 8*x + 77. Let s(t) = t**3 + 8*t**2 + 6*t - 2. Give s(x).
5
Let s(y) be the first derivative of 4*y - 1/2*y**2 + 8. What is s(-6)?
10
Let r(n) = -n. Suppose -k = 3*v, 4*k - 2*v - 